et a = 119 - 95. Let k = -14 - -8. Let j = k + a. List the prime factors of j.
2, 3
Let c be ((-55)/(-22))/(1/2). Suppose 0*j = -3*j + 2*r + 248, 392 = c*j + 2*r. List the prime factors of j.
2, 5
Suppose -i - 3*w + 19 = -5*w, 3*i + 3*w - 21 = 0. Suppose -6*s + i*s - 30 = 0. What are the prime factors of s?
2, 3
Let v = 67 + 13. What are the prime factors of v?
2, 5
Suppose -4*k = -a - 6989, -4*k + 5*a = k - 8725. Suppose -2*c = 4*x - 710, -c - 4*c + k = x. Suppose 4*v = c - 57. What are the prime factors of v?
73
Suppose 3*d = 4*d. Suppose -w + i = -92, -2*w + 5*w - i - 280 = d. List the prime factors of w.
2, 47
Suppose 166 = 5*i + 6. Let l = -17 - -19. Suppose -2*a = -l*c - 6*a + i, 0 = 2*c - 5*a - 5. List the prime factors of c.
2, 5
Let a(d) = -5*d**3 + 5*d**2 + 3*d - 3. Let u be a(-4). Suppose -70*p + 75*p = u. What are the prime factors of p?
7, 11
Suppose 8 = -5*v - 2. Let s(u) = 3*u - 2*u**3 + 2*u**2 - u + 0*u**3 + 1 - u. List the prime factors of s(v).
23
Let b = 96 + 835. List the prime factors of b.
7, 19
Let c(u) = -5*u - 4. Let x(t) = t**3 + 9*t**2 + 8*t + 12. Let h be x(-8). Let r be (h/2)/(-2) + -2. List the prime factors of c(r).
3, 7
List the prime factors of (94691/46)/23*1*40.
2, 5, 179
Suppose u + 4*b - 32 = 0, -3*u - u - 2*b = -184. Let g = 111 - u. List the prime factors of g.
3, 7
Suppose 4*j - 4*h - 36 = -0*j, j + 2*h - 9 = 0. Suppose w + 1168 = j*w. List the prime factors of w.
2, 73
Let x(l) = l + 16. Suppose 2*a + 8 + 0 = 0, 4*a + 16 = 3*d. Let t be x(d). Let c = t - 1. List the prime factors of c.
3, 5
Suppose 0 = -5*u - 2*u + 3514. List the prime factors of u.
2, 251
Let j(h) = h**2 - 3*h + 2. Let z be j(1). Suppose z = 6*m - 3*m. Suppose -5*o - 5*q + 55 + 40 = m, 2*o - 38 = 2*q. List the prime factors of o.
19
Let a(o) = -o**3 + 5*o**2 - 2*o - 5. Let f be a(4). Suppose -f*s - 4 = -s. What are the prime factors of -2*(46/(-4) + s)?
3
Suppose -5*a = -80*d + 76*d - 9921, 2*a - 3942 = -5*d. What are the prime factors of a?
7, 283
Suppose 27*f - 25*f = -130. Let j = -35 - f. What are the prime factors of j?
2, 3, 5
Let f(l) = 5*l**3 - 2*l**2 + 3*l. Suppose y = 1 - 4. Let i be -1 + (-9)/(y + 0). What are the prime factors of f(i)?
2, 19
Suppose 0 = 5*f + 5*p - 30, p = -2*f - 0*p + 8. Let d be 0/f + (12 - 7). Suppose d*z - 5 - 120 = 0. What are the prime factors of z?
5
Suppose q = 3, -37*x - 5*q - 17 = -33*x. Suppose 0 = 2*n + 2 - 4. What are the prime factors of 53 + x/4*n?
3, 17
Suppose -5859 = -4*z - 5*p, -14*z - 3*p = -16*z + 2913. List the prime factors of z.
3, 487
Let y(h) = 5*h - 14. Let v(z) = z - 8. Let d(q) = 5*v(q) - 2*y(q). Suppose u = -8 + 1. List the prime factors of d(u).
23
Let x = 42 + 267. What are the prime factors of x?
3, 103
Let g be -5 - (4/6)/(2/(-12)). Let l(u) = -99*u**3 + 1. List the prime factors of l(g).
2, 5
Let f = 1758 - 946. List the prime factors of f.
2, 7, 29
Suppose -4*c + 51 = 4*z - 45, 5*z - 2*c - 92 = 0. Suppose -z*u = -18*u + 198. Let m = -58 - u. List the prime factors of m.
41
Let r = 181 - 106. Suppose 4*t = 89 + r. List the prime factors of t.
41
Suppose 4*p + 299 = -17. Let q = -3 - p. What are the prime factors of q?
2, 19
Suppose -6 = -5*i + 2*i. Suppose j - 2 = i. Suppose 68 = j*h + 4*n, -h + 37 = -3*n - n. What are the prime factors of h?
3, 7
Let l be (-1 - 0) + (-2)/(-1). Let z be ((-1)/2)/(l/(-36)). Let u = z - -8. List the prime factors of u.
2, 13
Let g(q) = -134*q - 1. Let a be g(1). Let k = a + 84. Let y = k - -72. What are the prime factors of y?
3, 7
Suppose 176 = 4*k - 2224. Suppose -6*u + 25 = -u, 5*o + 3*u = k. Suppose 4*a - i - 215 = -46, -3*a + 4*i + o = 0. What are the prime factors of a?
43
Suppose -2*z = c - 7, -z = -4*c + 11 + 44. Suppose 2*h = -9 + 31. Let r = c + h. What are the prime factors of r?
2, 3
Suppose -60 = -3*x - 2*y, -2*y = -x + y + 20. Let v(i) = 2*i**2 - 3*i + 4. Let t be v(4). Let c = t - x. What are the prime factors of c?
2
Suppose -5*z + 3*k = -28, z - 3*k - 1 = 7. Suppose 5*h = -10, -4*l + 340 = -z*h - 2. What are the prime factors of l?
83
Suppose v - 50 + 28 = -4*a, 0 = 3*a. What are the prime factors of v?
2, 11
Let w be 10 + -9 - (-5 + -1). Let f(r) = r**3 - 6*r**2 - 6*r - 7. Let s be f(w). What are the prime factors of 25 - (0 + s - 1)?
2, 13
Let l(b) = -83*b**3 - 3*b**2 + b + 3. Let o be l(-1). Suppose 61*t - o = 59*t. What are the prime factors of t?
41
Suppose -247*j = -241*j - 4386. What are the prime factors of j?
17, 43
Suppose -226 = -4*q - 2*i - 1028, 2*q + 407 = -3*i. What are the prime factors of -2*((-4)/12 - q/(-6))?
67
Suppose -12*a = -52045 + 17137. What are the prime factors of a?
2909
Let n(y) = 2*y**2 + 3*y + 43. List the prime factors of n(-18).
7, 13
Let i(w) = 413*w - 180. What are the prime factors of i(4)?
2, 23
Suppose -6*d = -3980 - 11914. What are the prime factors of d?
3, 883
Suppose -63 = -31*f + 38*f. Let t = -393 - -139. List the prime factors of (-4)/18 + t/f.
2, 7
Let d(c) = c**3 + c**2 - 2*c + 189. Let k be 3 + 6/(-1) - 9/(-3). List the prime factors of d(k).
3, 7
Let a be 37/4 + (-2)/8 + -3. Let f(r) = r**3 + 0*r**3 + 5*r**2 - 7*r - 9*r**2 - 2. What are the prime factors of f(a)?
2, 7
What are the prime factors of (-716 - 0)/((-9)/18*2)?
2, 179
Let z(w) = w**3 + 6*w**2 - 15*w + 8. Let k be z(-8). Suppose k = 39*g - 38*g - 11. What are the prime factors of g?
11
Suppose 3*p + w = 2671, -4*p - w + 1780 = -2*p. What are the prime factors of p?
3, 11
Suppose -8 = -4*u, -9*u = 4*l - 5*u - 36. Let d(z) = -1 + 0 + 8*z - 4. What are the prime factors of d(l)?
3, 17
Suppose 40 - 116 = -4*v. Let q = 24 - v. List the prime factors of q.
5
Let l be (-856)/13 + (-8)/52. Let p = -53 - l. List the prime factors of p.
13
Let o = -10 + 15. Suppose 5*z - 18 = -4*l, -5 - o = -l - 4*z. Suppose 0 = 4*m - 0*m + 2*a - 182, 2*m = l*a + 76. What are the prime factors of m?
43
Suppose -5*d + 3*d + j = -11, 0 = -2*d + 5*j + 31. Suppose 0*y = d*y - 183. What are the prime factors of y?
61
Suppose 5*z = 418 + 1107. Suppose -z + 110 = -5*p. List the prime factors of p.
3, 13
Let h = 821 - 287. List the prime factors of h.
2, 3, 89
Let n = -248 + 559. What are the prime factors of n?
311
List the prime factors of (-2 + 1)/(3/(-1203)) + 1.
2, 3, 67
Let i be (3224/(-2))/4 + -1. Let h = -171 - i. List the prime factors of h.
233
Let l(j) = -j**3 - 36*j**2 - 83*j - 112. What are the prime factors of l(-35)?
2, 7
Let b = -22 + 24. Suppose -w + 68 = -b*d, -372 = -2*w - 3*w + 2*d. What are the prime factors of w?
2, 19
Let j(k) = 6*k**2 + 4*k - 3. Let h(l) = -l**2 + 2 + 1 + 1 + 2. Let i be h(2). List the prime factors of j(i).
29
Suppose 3*n = 42 - 105. Let r = 55 + n. What are the prime factors of r?
2, 17
Suppose -2*m = q - 1348, 2*q = -2*q. What are the prime factors of m?
2, 337
Let i(l) = -11*l**2 - 4*l - 17. Let t(n) = 4*n**2 + n + 6. Let d(w) = -3*i(w) - 8*t(w). Let f be (-6 - -2) + -2 - 0. List the prime factors of d(f).
3, 5
Let b be (-303)/(-3) - (1 - 4). Suppose l - b = 3*l - v, -l = -2*v + 46. What are the prime factors of (l/(-12))/((-3)/(-16))?
2, 3
Let b = -775 + 1142. List the prime factors of b.
367
Let z be (-4)/(-2) + (-238)/(-2). Let a = z + 49. List the prime factors of a.
2, 5, 17
Suppose 0*h = -2*q + 5*h - 6, -14 = -2*q - 5*h. Suppose -b = q, -t - b = -26 - 34. What are the prime factors of t?
2, 31
Let k(q) be the third derivative of q**5/30 + q**4/6 - q**3/3 - 9*q**2. What are the prime factors of k(2)?
2, 7
Let q = -54 - -67. List the prime factors of q/((-4 - -7) + (-15)/6).
2, 13
Let i = 4 - 3. Suppose -i = 2*g + 3. Let c(u) = 8*u**2 - 2. List the prime factors of c(g).
2, 3, 5
Let g = 228 + -15. What are the prime factors of g?
3, 71
Let y(q) = -q**3 + 4*q + 3. Let w be y(-3). Suppose 1386 = -12*k + w*k. What are the prime factors of k?
3, 7, 11
Suppose -147*m = -138*m - 3834. List the prime factors of m.
2, 3, 71
Let p(o) = 44*o + 26. Let a be p(-5). Let r = a + 504. What are the prime factors of r?
2, 5, 31
List the prime factors of ((-6446)/(-33) + -10)*9/2.
2, 3, 139
Let n = -37 - -13. Let y = n - -34. List the prime factors of y.
2, 5
Let w(v) = v + 117. Let f be w(0). Suppose 0*d = 2*d - n + 97, -197 = 4*d - 5*n. Let r = f + d. List the prime factors of r.
3, 23
Suppose 0 = -7*j + 4*j. Supp